[INFO] fetching crate afl 0.8.0...
[INFO] checking afl-0.8.0 against try#72f88fc4e9458f89516a0b8b0868f3718aec5b47 for pr-74989
[INFO] extracting crate afl 0.8.0 into /workspace/builds/worker-3/source
[INFO] validating manifest of crates.io crate afl 0.8.0 on toolchain 72f88fc4e9458f89516a0b8b0868f3718aec5b47
[INFO] running `Command { std: "/workspace/cargo-home/bin/cargo" "+72f88fc4e9458f89516a0b8b0868f3718aec5b47" "read-manifest" "--manifest-path" "Cargo.toml", kill_on_drop: false }`
[INFO] started tweaking crates.io crate afl 0.8.0
[INFO] finished tweaking crates.io crate afl 0.8.0
[INFO] tweaked toml for crates.io crate afl 0.8.0 written to /workspace/builds/worker-3/source/Cargo.toml
[INFO] crate crates.io crate afl 0.8.0 already has a lockfile, it will not be regenerated
[INFO] running `Command { std: "/workspace/cargo-home/bin/cargo" "+72f88fc4e9458f89516a0b8b0868f3718aec5b47" "fetch" "--locked" "--manifest-path" "Cargo.toml", kill_on_drop: false }`
[INFO] running `Command { std: "docker" "create" "-v" "/var/lib/crater-agent-workspace/builds/worker-3/target:/opt/rustwide/target:rw,Z" "-v" "/var/lib/crater-agent-workspace/builds/worker-3/source:/opt/rustwide/workdir:ro,Z" "-v" "/var/lib/crater-agent-workspace/cargo-home:/opt/rustwide/cargo-home:ro,Z" "-v" "/var/lib/crater-agent-workspace/rustup-home:/opt/rustwide/rustup-home:ro,Z" "-e" "SOURCE_DIR=/opt/rustwide/workdir" "-e" "CARGO_TARGET_DIR=/opt/rustwide/target" "-e" "CARGO_HOME=/opt/rustwide/cargo-home" "-e" "RUSTUP_HOME=/opt/rustwide/rustup-home" "-w" "/opt/rustwide/workdir" "-m" "1610612736" "--user" "0:0" "--network" "none" "rustops/crates-build-env@sha256:d92eaeed33fa75130ca1ee6c8a01d1ffb62bac859dfdfb3450e3e5d1c0146529" "/opt/rustwide/cargo-home/bin/cargo" "+72f88fc4e9458f89516a0b8b0868f3718aec5b47" "metadata" "--no-deps" "--format-version=1", kill_on_drop: false }`
[INFO] [stdout] db9cd711a101658e96bf00348028a04a42d86592052cb2ec12f057a96ae551c8
[INFO] [stderr] WARNING: Your kernel does not support swap limit capabilities or the cgroup is not mounted. Memory limited without swap.
[INFO] running `Command { std: "docker" "start" "-a" "db9cd711a101658e96bf00348028a04a42d86592052cb2ec12f057a96ae551c8", kill_on_drop: false }`
[INFO] running `Command { std: "docker" "inspect" "db9cd711a101658e96bf00348028a04a42d86592052cb2ec12f057a96ae551c8", kill_on_drop: false }`
[INFO] running `Command { std: "docker" "rm" "-f" "db9cd711a101658e96bf00348028a04a42d86592052cb2ec12f057a96ae551c8", kill_on_drop: false }`
[INFO] [stdout] db9cd711a101658e96bf00348028a04a42d86592052cb2ec12f057a96ae551c8
[INFO] running `Command { std: "docker" "create" "-v" "/var/lib/crater-agent-workspace/builds/worker-3/target:/opt/rustwide/target:rw,Z" "-v" "/var/lib/crater-agent-workspace/builds/worker-3/source:/opt/rustwide/workdir:ro,Z" "-v" "/var/lib/crater-agent-workspace/cargo-home:/opt/rustwide/cargo-home:ro,Z" "-v" "/var/lib/crater-agent-workspace/rustup-home:/opt/rustwide/rustup-home:ro,Z" "-e" "SOURCE_DIR=/opt/rustwide/workdir" "-e" "CARGO_TARGET_DIR=/opt/rustwide/target" "-e" "CARGO_INCREMENTAL=0" "-e" "RUST_BACKTRACE=full" "-e" "RUSTFLAGS=--cap-lints=forbid" "-e" "CARGO_HOME=/opt/rustwide/cargo-home" "-e" "RUSTUP_HOME=/opt/rustwide/rustup-home" "-w" "/opt/rustwide/workdir" "-m" "1610612736" "--user" "0:0" "--network" "none" "rustops/crates-build-env@sha256:d92eaeed33fa75130ca1ee6c8a01d1ffb62bac859dfdfb3450e3e5d1c0146529" "/opt/rustwide/cargo-home/bin/cargo" "+72f88fc4e9458f89516a0b8b0868f3718aec5b47" "check" "--frozen" "--all" "--all-targets" "--message-format=json", kill_on_drop: false }`
[INFO] [stdout] 1fb85f5aa2eb7cd803414bff09cb6d79c6e6ad22342c0d0606f38bdb472d0114
[INFO] [stderr] WARNING: Your kernel does not support swap limit capabilities or the cgroup is not mounted. Memory limited without swap.
[INFO] running `Command { std: "docker" "start" "-a" "1fb85f5aa2eb7cd803414bff09cb6d79c6e6ad22342c0d0606f38bdb472d0114", kill_on_drop: false }`
[INFO] [stderr]    Compiling semver-parser v0.7.0
[INFO] [stderr]    Compiling libc v0.2.68
[INFO] [stderr]    Compiling bitflags v1.2.1
[INFO] [stderr]     Checking unicode-width v0.1.7
[INFO] [stderr]    Compiling xdg v2.2.0
[INFO] [stderr]     Checking vec_map v0.8.1
[INFO] [stderr]     Checking cc v1.0.50
[INFO] [stderr]     Checking textwrap v0.11.0
[INFO] [stderr]     Checking semver v0.9.0
[INFO] [stderr]    Compiling rustc_version v0.2.3
[INFO] [stderr]    Compiling afl v0.8.0 (/opt/rustwide/workdir)
[INFO] [stderr]     Checking atty v0.2.14
[INFO] [stderr]     Checking clap v2.33.0
[INFO] [stderr] error: failed to run custom build command for `afl v0.8.0 (/opt/rustwide/workdir)`
[INFO] [stderr] 
[INFO] [stderr] Caused by:
[INFO] [stderr]   process didn't exit successfully: `/opt/rustwide/target/debug/build/afl-dfebdb16667fcd23/build-script-build` (exit code: 101)
[INFO] [stderr]   --- stdout
[INFO] [stderr]   rm -f afl-gcc afl-fuzz afl-showmap afl-tmin afl-gotcpu afl-analyze libradamsa.so afl-fuzz-document afl-as as afl-g++ afl-clang afl-clang++ *.o src/*.o *~ a.out core core.[1-9][0-9]* *.stackdump .test .test1 .test2 test-instr .test-instr0 .test-instr1 qemu_mode/qemu-3.1.1.tar.xz afl-qemu-trace afl-gcc-fast afl-gcc-pass.so afl-gcc-rt.o afl-g++-fast ld *.so *.8 test/unittests/*.o test/unittests/unit_maybe_alloc test/unittests/preallocable
[INFO] [stderr]   rm -rf out_dir qemu_mode/qemu-3.1.1 *.dSYM */*.dSYM
[INFO] [stderr]   make -C llvm_mode clean
[INFO] [stderr]   make[1]: Entering directory '/opt/rustwide/workdir/AFLplusplus/llvm_mode'
[INFO] [stderr]   [+] llvm_mode detected llvm 10+, enabling neverZero implementation and c++14
[INFO] [stderr]   [+] llvm_mode detected llvm < 11, afl-clang-lto LTO will not be build.
[INFO] [stderr]   Compile option AFL_TRACE_PC is deprecated, just set AFL_LLVM_INSTRUMENT=PCGUARD to activate when compiling targets 
[INFO] [stderr]   rm -f *.o *.so *~ a.out core core.[1-9][0-9]* .test2 test-instr .test-instr0 .test-instr1 *.dwo
[INFO] [stderr]   rm -f ../afl-clang-fast ../afl-llvm-pass.so ../afl-llvm-lto-whitelist.so ../afl-llvm-lto-instrumentation.so ../libLLVMInsTrim.so ../afl-llvm-rt.o ../afl-llvm-rt-32.o ../afl-llvm-rt-64.o ../compare-transform-pass.so ../split-compares-pass.so ../split-switches-pass.so ../cmplog-routines-pass.so ../cmplog-instructions-pass.so afl-common.o ../afl-clang-fast++ ../afl-clang-lto ../afl-clang-lto++ ../afl-clang*.8 ../ld ../afl-ld ../afl-llvm-rt*.o
[INFO] [stderr]   make[1]: Leaving directory '/opt/rustwide/workdir/AFLplusplus/llvm_mode'
[INFO] [stderr]   make -C gcc_plugin clean
[INFO] [stderr]   make[1]: Entering directory '/opt/rustwide/workdir/AFLplusplus/gcc_plugin'
[INFO] [stderr]   rm -f *.o *.so *~ a.out core core.[1-9][0-9]* test-instr .test-instr0 .test-instr1 .test2
[INFO] [stderr]   rm -f ../afl-gcc-fast ../afl-gcc-pass.so ../afl-gcc-rt.o afl-common.o ../afl-g++-fast ../afl-g*-fast.8
[INFO] [stderr]   make[1]: Leaving directory '/opt/rustwide/workdir/AFLplusplus/gcc_plugin'
[INFO] [stderr]   make -C libdislocator clean
[INFO] [stderr]   make[1]: Entering directory '/opt/rustwide/workdir/AFLplusplus/libdislocator'
[INFO] [stderr]   rm -f *.o *.so *~ a.out core core.[1-9][0-9]*
[INFO] [stderr]   rm -f ../libdislocator.so
[INFO] [stderr]   make[1]: Leaving directory '/opt/rustwide/workdir/AFLplusplus/libdislocator'
[INFO] [stderr]   make -C libtokencap clean
[INFO] [stderr]   make[1]: Entering directory '/opt/rustwide/workdir/AFLplusplus/libtokencap'
[INFO] [stderr]   rm -f *.o *.so *~ a.out core core.[1-9][0-9]*
[INFO] [stderr]   rm -f ../libtokencap.so
[INFO] [stderr]   make[1]: Leaving directory '/opt/rustwide/workdir/AFLplusplus/libtokencap'
[INFO] [stderr]   make -C examples/socket_fuzzing clean
[INFO] [stderr]   make[1]: Entering directory '/opt/rustwide/workdir/AFLplusplus/examples/socket_fuzzing'
[INFO] [stderr]   rm -f socketfuzz32.so socketfuzz64.so
[INFO] [stderr]   make[1]: Leaving directory '/opt/rustwide/workdir/AFLplusplus/examples/socket_fuzzing'
[INFO] [stderr]   make -C examples/argv_fuzzing clean
[INFO] [stderr]   make[1]: Entering directory '/opt/rustwide/workdir/AFLplusplus/examples/argv_fuzzing'
[INFO] [stderr]   rm -f argvfuzz32.so argvfuzz64.so
[INFO] [stderr]   make[1]: Leaving directory '/opt/rustwide/workdir/AFLplusplus/examples/argv_fuzzing'
[INFO] [stderr]   make -C qemu_mode/unsigaction clean
[INFO] [stderr]   make[1]: Entering directory '/opt/rustwide/workdir/AFLplusplus/qemu_mode/unsigaction'
[INFO] [stderr]   rm -f unsigaction32.so unsigaction64.so
[INFO] [stderr]   make[1]: Leaving directory '/opt/rustwide/workdir/AFLplusplus/qemu_mode/unsigaction'
[INFO] [stderr]   make -C qemu_mode/libcompcov clean
[INFO] [stderr]   make[1]: Entering directory '/opt/rustwide/workdir/AFLplusplus/qemu_mode/libcompcov'
[INFO] [stderr]   rm -f *.o *.so *~ a.out core core.[1-9][0-9]*
[INFO] [stderr]   rm -f ../../libcompcov.so compcovtest
[INFO] [stderr]   make[1]: Leaving directory '/opt/rustwide/workdir/AFLplusplus/qemu_mode/libcompcov'
[INFO] [stderr]   make -C src/third_party/libradamsa/ clean
[INFO] [stderr]   make[1]: Entering directory '/opt/rustwide/workdir/AFLplusplus/src/third_party/libradamsa'
[INFO] [stderr]   rm -f libradamsa.a libradamsa.so libradamsa-test
[INFO] [stderr]   make[1]: Leaving directory '/opt/rustwide/workdir/AFLplusplus/src/third_party/libradamsa'
[INFO] [stderr]   rm -rf unicorn_mode/unicornafl
[INFO] [stderr]   [*] Checking for the default compiler cc...
[INFO] [stderr]   [*] Checking for the ability to compile x86 code...
[INFO] [stderr] 
[INFO] [stderr]   Oops, looks like your compiler can't generate x86 code.
[INFO] [stderr] 
[INFO] [stderr]   Don't panic! You can use the LLVM or QEMU mode, but see docs/INSTALL first.
[INFO] [stderr]   (To ignore this error, set AFL_NO_X86=1 and try again.)
[INFO] [stderr] 
[INFO] [stderr] 
[INFO] [stderr]   --- stderr
[INFO] [stderr]   GNUmakefile:96: we have trouble finding clang/clang++ - llvm-config is not helping us
[INFO] [stderr]   /usr/bin/ld: cannot open output file .test1: Read-only file system
[INFO] [stderr]   collect2: error: ld returned 1 exit status
[INFO] [stderr]   make: *** [GNUmakefile:241: test_x86] Error 1
[INFO] [stderr]   thread 'main' panicked at 'assertion failed: status.success()', build.rs:32:5
[INFO] [stderr]   stack backtrace:
[INFO] [stderr]      0:     0x55f9f14d4da0 - std::backtrace_rs::backtrace::libunwind::trace::h452faf99f32e7c93
[INFO] [stderr]                                  at /rustc/72f88fc4e9458f89516a0b8b0868f3718aec5b47/library/std/src/../../backtrace/src/backtrace/libunwind.rs:96
[INFO] [stderr]      1:     0x55f9f14d4da0 - std::backtrace_rs::backtrace::trace_unsynchronized::he40edc71437667a1
[INFO] [stderr]                                  at /rustc/72f88fc4e9458f89516a0b8b0868f3718aec5b47/library/std/src/../../backtrace/src/backtrace/mod.rs:66
[INFO] [stderr]      2:     0x55f9f14d4da0 - std::sys_common::backtrace::_print_fmt::h6c51d6ade71f46bf
[INFO] [stderr]                                  at /rustc/72f88fc4e9458f89516a0b8b0868f3718aec5b47/library/std/src/sys_common/backtrace.rs:79
[INFO] [stderr]      3:     0x55f9f14d4da0 - <std::sys_common::backtrace::_print::DisplayBacktrace as core::fmt::Display>::fmt::h3cd15d7003dec37a
[INFO] [stderr]                                  at /rustc/72f88fc4e9458f89516a0b8b0868f3718aec5b47/library/std/src/sys_common/backtrace.rs:58
[INFO] [stderr]      4:     0x55f9f14f2b6c - core::fmt::write::h1857a60b204f1b6a
[INFO] [stderr]                                  at /rustc/72f88fc4e9458f89516a0b8b0868f3718aec5b47/library/core/src/fmt/mod.rs:1080
[INFO] [stderr]      5:     0x55f9f14d22b7 - std::io::Write::write_fmt::hac61caff894c35ae
[INFO] [stderr]                                  at /rustc/72f88fc4e9458f89516a0b8b0868f3718aec5b47/library/std/src/io/mod.rs:1517
[INFO] [stderr]      6:     0x55f9f14d6ff0 - std::sys_common::backtrace::_print::haa2f390fb7957e3e
[INFO] [stderr]                                  at /rustc/72f88fc4e9458f89516a0b8b0868f3718aec5b47/library/std/src/sys_common/backtrace.rs:61
[INFO] [stderr]      7:     0x55f9f14d6ff0 - std::sys_common::backtrace::print::h48c7cbbad9013bb1
[INFO] [stderr]                                  at /rustc/72f88fc4e9458f89516a0b8b0868f3718aec5b47/library/std/src/sys_common/backtrace.rs:48
[INFO] [stderr]      8:     0x55f9f14d6ff0 - std::panicking::default_hook::{{closure}}::h8b7ff05a31e71d55
[INFO] [stderr]                                  at /rustc/72f88fc4e9458f89516a0b8b0868f3718aec5b47/library/std/src/panicking.rs:208
[INFO] [stderr]      9:     0x55f9f14d6d3c - std::panicking::default_hook::h2f00c78800d98e4c
[INFO] [stderr]                                  at /rustc/72f88fc4e9458f89516a0b8b0868f3718aec5b47/library/std/src/panicking.rs:227
[INFO] [stderr]     10:     0x55f9f14d7653 - std::panicking::rust_panic_with_hook::h4eaa635e4694aef3
[INFO] [stderr]                                  at /rustc/72f88fc4e9458f89516a0b8b0868f3718aec5b47/library/std/src/panicking.rs:577
[INFO] [stderr]     11:     0x55f9f14934e8 - std::panicking::begin_panic::{{closure}}::h29a761666dc9819f
[INFO] [stderr]                                  at /rustc/72f88fc4e9458f89516a0b8b0868f3718aec5b47/library/std/src/panicking.rs:506
[INFO] [stderr]     12:     0x55f9f1496628 - std::sys_common::backtrace::__rust_end_short_backtrace::he12bc1869dcca9e3
[INFO] [stderr]                                  at /rustc/72f88fc4e9458f89516a0b8b0868f3718aec5b47/library/std/src/sys_common/backtrace.rs:153
[INFO] [stderr]     13:     0x55f9f1493413 - std::panicking::begin_panic::hcb92a8c215d969d1
[INFO] [stderr]                                  at /rustc/72f88fc4e9458f89516a0b8b0868f3718aec5b47/library/std/src/panicking.rs:505
[INFO] [stderr]     14:     0x55f9f14953c6 - build_script_build::build_afl::h9503521062d50098
[INFO] [stderr]                                  at /opt/rustwide/workdir/build.rs:32
[INFO] [stderr]     15:     0x55f9f14951ff - build_script_build::main::h989ae1449de142fd
[INFO] [stderr]                                  at /opt/rustwide/workdir/build.rs:13
[INFO] [stderr]     16:     0x55f9f149672b - core::ops::function::FnOnce::call_once::hd3e4dd68f59ee34f
[INFO] [stderr]                                  at /rustc/72f88fc4e9458f89516a0b8b0868f3718aec5b47/library/core/src/ops/function.rs:227
[INFO] [stderr]     17:     0x55f9f149665e - std::sys_common::backtrace::__rust_begin_short_backtrace::hc03960b512d154f7
[INFO] [stderr]                                  at /rustc/72f88fc4e9458f89516a0b8b0868f3718aec5b47/library/std/src/sys_common/backtrace.rs:137
[INFO] [stderr]     18:     0x55f9f14930d1 - std::rt::lang_start::{{closure}}::hf7ae130b25d93aa5
[INFO] [stderr]                                  at /rustc/72f88fc4e9458f89516a0b8b0868f3718aec5b47/library/std/src/rt.rs:66
[INFO] [stderr]     19:     0x55f9f14d7a51 - core::ops::function::impls::<impl core::ops::function::FnOnce<A> for &F>::call_once::hecc21eb9018cc197
[INFO] [stderr]                                  at /rustc/72f88fc4e9458f89516a0b8b0868f3718aec5b47/library/core/src/ops/function.rs:259
[INFO] [stderr]     20:     0x55f9f14d7a51 - std::panicking::try::do_call::h174ad655d084b5c7
[INFO] [stderr]                                  at /rustc/72f88fc4e9458f89516a0b8b0868f3718aec5b47/library/std/src/panicking.rs:381
[INFO] [stderr]     21:     0x55f9f14d7a51 - std::panicking::try::h479e6054ce28de10
[INFO] [stderr]                                  at /rustc/72f88fc4e9458f89516a0b8b0868f3718aec5b47/library/std/src/panicking.rs:345
[INFO] [stderr]     22:     0x55f9f14d7a51 - std::panic::catch_unwind::hb558ddea2b3e9c45
[INFO] [stderr]                                  at /rustc/72f88fc4e9458f89516a0b8b0868f3718aec5b47/library/std/src/panic.rs:382
[INFO] [stderr]     23:     0x55f9f14d7a51 - std::rt::lang_start_internal::h163149047f0a8b61
[INFO] [stderr]                                  at /rustc/72f88fc4e9458f89516a0b8b0868f3718aec5b47/library/std/src/rt.rs:51
[INFO] [stderr]     24:     0x55f9f14930a7 - std::rt::lang_start::h6d2d7e65b2a06ef3
[INFO] [stderr]                                  at /rustc/72f88fc4e9458f89516a0b8b0868f3718aec5b47/library/std/src/rt.rs:65
[INFO] [stderr]     25:     0x55f9f14957ba - main
[INFO] [stderr]     26:     0x7f5f43e5b0b3 - __libc_start_main
[INFO] [stderr]     27:     0x55f9f14910be - _start
[INFO] [stderr]     28:                0x0 - <unknown>
[INFO] [stderr] warning: build failed, waiting for other jobs to finish...
[INFO] [stderr] error: build failed
[INFO] running `Command { std: "docker" "inspect" "1fb85f5aa2eb7cd803414bff09cb6d79c6e6ad22342c0d0606f38bdb472d0114", kill_on_drop: false }`
[INFO] running `Command { std: "docker" "rm" "-f" "1fb85f5aa2eb7cd803414bff09cb6d79c6e6ad22342c0d0606f38bdb472d0114", kill_on_drop: false }`
[INFO] [stdout] 1fb85f5aa2eb7cd803414bff09cb6d79c6e6ad22342c0d0606f38bdb472d0114
